ple of 287?
True
Is 28 a factor of 81854472?
True
Does 933 divide 116371121?
False
Is 278 a factor of 5187480?
True
Is 2113383594 a multiple of 34?
True
Is 813370980 a multiple of 12?
True
Is 138757928 a multiple of 4?
True
Is 12 a factor of 21308580?
True
Does 1797 divide 52046785?
False
Does 14 divide 94246124?
True
Does 27 divide 152916039?
True
Does 14 divide 2021526898?
False
Does 8652 divide 1689536604?
True
Does 220 divide 974249980?
True
Does 1535 divide 352831813?
False
Is 4072487727 a multiple of 631?
False
Does 48 divide 27440784?
True
Is 244 a factor of 3473904325?
False
Does 98 divide 768460336?
True
Is 69659196 a multiple of 498?
False
Is 59841899 a multiple of 1268?
False
Is 206 a factor of 16375764?
True
Does 571 divide 206749393?
True
Is 948 a factor of 31441368?
True
Is 174818136 a multiple of 906?
True
Does 10 divide 285792169?
False
Is 652 a factor of 8771420?
False
Is 2844196016 a multiple of 16?
True
Does 93 divide 14939302?
False
Is 26 a factor of 366430636?
True
Is 18 a factor of 12917948?
False
Is 75806190 a multiple of 30?
True
Is 388033648 a multiple of 17?
False
Does 532 divide 180579420?
True
Is 2497029 a multiple of 1415?
False
Does 291 divide 57723051?
True
Does 2064 divide 314988795?
False
Is 5913 a factor of 3454392339?
True
Is 726 a factor of 118379382?
True
Does 1507 divide 78502644?
True
Does 68 divide 47798696?
True
Does 159 divide 177780769?
False
Is 571119792 a multiple of 48?
True
Does 694 divide 64925857?
False
Is 728367192 a multiple of 46?
False
Is 6 a factor of 851252440?
False
Is 314 a factor of 9262936?
False
Does 5 divide 6451680?
True
Does 35 divide 61035443?
False
Does 9 divide 16418162?
False
Is 2061 a factor of 289916748?
True
Is 2421 a factor of 1180688899?
False
Is 150218863 a multiple of 1241?
False
Is 347053629 a multiple of 3281?
False
Is 270097618 a multiple of 7?
True
Is 760231148 a multiple of 170?
False
Does 2 divide 138675653?
False
Does 108 divide 888252588?
True
Is 6329873 a multiple of 219?
False
Is 788 a factor of 5787131888?
True
Is 138105900 a multiple of 16?
False
Is 78 a factor of 41094680?
False
Is 256 a factor of 6671616?
True
Does 3411 divide 698177527?
False
Is 41 a factor of 63857705?
True
Is 15008983 a multiple of 48?
False
Does 119 divide 418294?
False
Is 4142 a factor of 519690815?
False
Does 25 divide 311174140?
False
Is 1109567669 a multiple of 7?
True
Is 2531902897 a multiple of 919?
True
Is 364118728 a multiple of 322?
False
Is 654 a factor of 6179646?
True
Does 4 divide 478596102?
False
Does 41 divide 10188828?
True
Does 6 divide 98335698?
True
Is 6 a factor of 48716640?
True
Does 1739 divide 657938434?
False
Is 132 a factor of 10673652?
True
Does 6 divide 57014033?
False
Is 751 a factor of 74064371?
True
Does 27 divide 4637061?
True
Is 558201496 a multiple of 2536?
True
Does 30 divide 1044932910?
True
Is 37457638 a multiple of 25?
False
Is 8194536 a multiple of 9?
True
Does 1950 divide 22389900?
True
Is 59 a factor of 20727240?
False
Is 202 a factor of 226194752?
True
Is 1613475570 a multiple of 10?
True
Is 38 a factor of 94860072?
False
Is 20902088 a multiple of 2696?
True
Does 29 divide 2143072?
False
Is 2903 a factor of 90016353?
False
Is 1353656481 a multiple of 796?
False
Is 16 a factor of 4965466?
False
Is 35 a factor of 3058588295?
True
Is 59 a factor of 236567876?
False
Does 399 divide 391108202?
False
Does 2 divide 343473730?
True
Is 3445160468 a multiple of 21?
False
Is 37 a factor of 48406653?
False
Is 515 a factor of 2022929178?
False
Is 6 a factor of 96877908?
True
Is 40010981 a multiple of 29?
True
Does 293 divide 1336883406?
True
Does 18 divide 86091071?
False
Is 604537000 a multiple of 85?
True
Does 14 divide 865266143?
False
Is 550911786 a multiple of 86?
True
Is 832 a factor of 403081592?
False
Does 8741 divide 1570102125?
True
Is 156928611 a multiple of 511?
True
Is 30980083 a multiple of 61?
False
Does 172 divide 18127226?
False
Is 6713583855 a multiple of 13893?
True
Is 616 a factor of 15108016?
True
Is 623125 a multiple of 5?
True
Is 184754272 a multiple of 794?
True
Is 23647320 a multiple of 120?
True
Is 4339 a factor of 909207077?
True
Is 121223558 a multiple of 11?
False
Does 2 divide 59151709?
False
Is 239512884 a multiple of 156?
True
Is 1885775 a multiple of 36?
False
Is 725 a factor of 155530977?
False
Does 551 divide 18348851?
True
Is 1775 a factor of 133368375?
False
Is 340 a factor of 13062800?
True
Is 20555498 a multiple of 1052?
False
Is 71982261 a multiple of 3608?
False
Is 39 a factor of 268037952?
True
Is 483 a factor of 103984807?
False
Is 154 a factor of 14733026?
True
Does 10 divide 60494840?
True
Is 1035821857 a multiple of 7?
True
Is 5 a factor of 103700647?
False
Is 21 a factor of 430063410?
True
Is 1320 a factor of 93126438?
False
Is 14664883 a multiple of 1128?
False
Is 3030 a factor of 1650451414?
False
Is 4705677260 a multiple of 20?
True
Does 5634 divide 752646060?
True
Does 530 divide 3704170?
True
Is 6682455352 a multiple of 18?
False
Does 73 divide 25849373?
True
Does 2 divide 29366058?
True
Is 214 a factor of 67656302?
False
Is 2539 a factor of 1869811004?
True
Is 763 a factor of 141757369?
False
Is 36197889 a multiple of 146?
False
Does 5 divide 92291230?
True
Is 10 a factor of 3816846425?
False
Is 61454920 a multiple of 25?
False
Does 18 divide 129477222?
True
Is 367 a factor of 38656477?
True
Does 22 divide 687330556?
True
Is 642 a factor of 342582114?
True
Is 35749881 a multiple of 3?
True
Does 12059 divide 7123145922?
False
Does 25 divide 487362925?
True
Is 148 a factor of 361967291?
False
Is 659434371 a multiple of 40?
False
Is 8 a factor of 9217827?
False
Is 1259 a factor of 19661119?
False
Is 2 a factor of 1130798?
True
Does 773 divide 635815035?
False
Is 1786582282 a multiple of 63?
False
Is 1189430771 a multiple of 51?
False
Is 4329378435 a multiple of 1876?
False
Is 260 a factor of 227420180?
True
Is 1695810 a multiple of 48?
False
Does 987 divide 1165699311?
True
Is 20720336 a multiple of 931?
True
Does 268 divide 91755750?
False
Does 303 divide 70580517?
True
Does 40 divide 189849160?
True
Is 451733 a multiple of 29?
True
Is 2078 a factor of 128773601?
False
Is 7800639 a multiple of 77?
True
Does 29 divide 712358526?
False
Is 541021328 a multiple of 272?
True
Does 144 divide 949884940?
False
Is 111474304 a multiple of 272?
True
Is 46 a factor of 155086793?
False
Is 8 a factor of 376549904?
True
Is 16 a factor of 258352?
True
Is 18 a factor of 320833054?
False
Is 363 a factor of 388195830?
True
Does 809 divide 48453437?
True
Does 703 divide 60944577?
False
Is 95 a factor of 7820590?
True
Is 399 a factor of 22220059?
False
Is 44 a factor of 6779761?
False
Does 59 divide 624984699?
True
Is 46 a factor of 41184996?
True
Is 3 a factor of 569737078?
False
Is 976 a factor of 58487624?
False
Is 16489396 a multiple of 121?
True
Does 27 divide 36131967?
True
Is 16031227 a multiple of 93?
False
Is 228 a factor of 82975147?
False
Is 1760 a factor of 69843233?
False
Is 37698815 a multiple of 24?
False
Is 597005664 a multiple of 736?
True
Does 1291 divide 232349358?
False
Is 138782403 a multiple of 1539?
True
Does 10 divide 103140?
True
Is 10 a factor of 38212570?
True
Is 547393960 a multiple of 20?
True
Does 211 divide 14678090?
False
Does 43 divide 564218750?
False
Does 73 divide 453146405?
True
Does 122 divide 83592692?
True
Is 26871950 a multiple of 25?
True
Is 1288 a factor of 1409146704?
True
Does 188 divide 419899030?
False
Is 102 a factor of 68463318?
True
Is 1349 a factor of 64681852?
True
Does 491 divide 5953866?
True
Does 7 divide 1183537194?
True
Is 4442164476 a multiple of 15?
False
Is 78651120 a multiple of 120?
True
Is 3329 a factor of 2046382906?
True
Is 40550638 a multiple of 64?
False
Is 774 a factor of 180708378?
False
Is 258187650 a multiple of 70?
True
Is 226614402 a multiple of 7?
True
Is 593265972 a multiple of 39?
True
Is 62415980 a multiple of 530?
True
Is 437 a factor of 3240576559?
True
Does 6611 divide 710305673?
True
Is 1838 a factor of 164456888?
True
Is 143 a factor of 1701925928?
False
Does 71 divide 461824493?
False
Does 536 divide 1049385678?
False
Is 102482666 a multiple of 26?
True
Is 200480085 a multiple of 398?
False
Is 588 a factor of 17835804?
True
Is 264212592 a mult